 the hundreds digit of 24710726?
7
What is the hundreds digit of 656686312?
3
What is the ten millions digit of 40673526?
4
What is the units digit of 189189991?
1
What is the units digit of 193702673?
3
What is the hundred thousands digit of 70692443?
6
What is the millions digit of 60405175?
0
What is the tens digit of 69680078?
7
What is the hundred thousands digit of 41181392?
1
What is the ten thousands digit of 142353996?
5
What is the hundred thousands digit of 4800105460?
1
What is the hundred millions digit of 7849813012?
8
What is the hundred millions digit of 299791201?
2
What is the hundreds digit of 48327425?
4
What is the ten millions digit of 49860043?
4
What is the tens digit of 65598187?
8
What is the ten thousands digit of 4357734096?
3
What is the units digit of 87234338?
8
What is the millions digit of 57085878?
7
What is the hundred thousands digit of 3625843532?
8
What is the ten thousands digit of 216263481?
6
What is the millions digit of 159637044?
9
What is the ten millions digit of 26858503?
2
What is the ten millions digit of 65093531?
6
What is the units digit of 54321433?
3
What is the units digit of 458684108?
8
What is the millions digit of 89873417?
9
What is the millions digit of 3048695296?
8
What is the thousands digit of 1949465202?
5
What is the hundred thousands digit of 165169920?
1
What is the tens digit of 39262200?
0
What is the tens digit of 4875023039?
3
What is the hundreds digit of 253780757?
7
What is the ten thousands digit of 1650687971?
8
What is the thousands digit of 382365739?
5
What is the hundred thousands digit of 24569759?
5
What is the hundred thousands digit of 1136862366?
8
What is the millions digit of 639042332?
9
What is the hundred millions digit of 367567361?
3
What is the millions digit of 33119121?
3
What is the thousands digit of 100886023?
6
What is the units digit of 2287711140?
0
What is the thousands digit of 632904168?
4
What is the tens digit of 186916851?
5
What is the hundreds digit of 4725020?
0
What is the ten millions digit of 64938527?
6
What is the hundred thousands digit of 1631809392?
8
What is the tens digit of 33108456?
5
What is the thousands digit of 55488690?
8
What is the ten millions digit of 50952725?
5
What is the hundreds digit of 96616066?
0
What is the ten thousands digit of 128315466?
1
What is the ten thousands digit of 24901122?
0
What is the millions digit of 1648431076?
8
What is the units digit of 194406763?
3
What is the hundred millions digit of 4708427218?
7
What is the units digit of 1440655895?
5
What is the millions digit of 64132447?
4
What is the tens digit of 251735672?
7
What is the units digit of 3271408693?
3
What is the ten thousands digit of 120051121?
5
What is the ten thousands digit of 4172861055?
6
What is the thousands digit of 400984086?
4
What is the ten thousands digit of 272479177?
7
What is the tens digit of 33555133?
3
What is the units digit of 15005992?
2
What is the ten thousands digit of 52625551?
2
What is the units digit of 3990821885?
5
What is the millions digit of 69950080?
9
What is the hundreds digit of 2100348444?
4
What is the ten thousands digit of 848129776?
2
What is the millions digit of 265435604?
5
What is the hundred millions digit of 3248307257?
2
What is the units digit of 1408609488?
8
What is the thousands digit of 2326147828?
7
What is the thousands digit of 3453164118?
4
What is the billions digit of 2601598358?
2
What is the millions digit of 73328676?
3
What is the ten thousands digit of 657279255?
7
What is the hundred thousands digit of 612169473?
1
What is the ten thousands digit of 8838751?
3
What is the ten millions digit of 23887916?
2
What is the ten millions digit of 28901126?
2
What is the hundred thousands digit of 189608646?
6
What is the tens digit of 200376463?
6
What is the billions digit of 2137027296?
2
What is the billions digit of 2802194404?
2
What is the ten thousands digit of 2361247822?
4
What is the hundreds digit of 205965615?
6
What is the units digit of 5041412344?
4
What is the units digit of 1431897594?
4
What is the tens digit of 738809502?
0
What is the thousands digit of 61975185?
5
What is the units digit of 7195182413?
3
What is the ten millions digit of 291919602?
9
What is the hundred millions digit of 105117594?
1
What is the ten millions digit of 195612689?
9
What is the ten thousands digit of 1093624085?
2
What is the units digit of 42215146?
6
What is the ten thousands digit of 4190581554?
8
What is the hundreds digit of 257644951?
9
What is the hundreds digit of 229898474?
4
What is the ten millions digit of 461956683?
6
What is the tens digit of 94598074?
7
What is the ten thousands digit of 240455713?
5
What is the ten thousands digit of 7254118673?
1
What is the hundreds digit of 43163203?
2
What is the hundreds digit of 223894399?
3
What is the hundreds digit of 4078935?
9
What is the tens digit of 261885372?
7
What is the thousands digit of 108096681?
6
What is the hundreds digit of 5901303045?
0
What is the hundred thousands digit of 41991382?
9
What is the tens digit of 43276744?
4
What is the hundreds digit of 1539224573?
5
What is the ten thousands digit of 307691913?
9
What is the hundred millions digit of 188655942?
1
What is the units digit of 217825001?
1
What is the units digit of 33973310?
0
What is the thousands digit of 8154305790?
5
What is the hundreds digit of 201876193?
1
What is the ten thousands digit of 538140190?
4
What is the ten thousands digit of 53039586?
3
What is the hundred thousands digit of 1128159585?
1
What is the ten thousands digit of 10985953?
8
What is the ten thousands digit of 29294199?
9
What is the ten millions digit of 65975540?
6
What is the hundreds digit of 3933681791?
7
What is the hundred millions digit of 2412629071?
4
What is the millions digit of 69322520?
9
What is the tens digit of 242313371?
7
What is the hundred thousands digit of 405691294?
6
What is the hundreds digit of 467838156?
1
What is the millions digit of 199301031?
9
What is the hundreds digit of 385175803?
8
What is the tens digit of 69394896?
9
What is the tens digit of 2576914380?
8
What is the millions digit of 4824899069?
4
What is the hundred thousands digit of 5567934105?
9
What is the hundreds digit of 1581517498?
4
What is the hundreds digit of 1265582714?
7
What is the ten thousands digit of 749911847?
1
What is the thousands digit of 8351216?
1
What is the units digit of 18486999?
9
What is the millions digit of 2212491476?
2
What is the thousands digit of 189684873?
4
What is the millions digit of 71337791?
1
What is the hundreds digit of 19113642?
6
What is the thousands digit of 78506400?
6
What is the hundred thousands digit of 990074975?
0
What is the millions digit of 4516380?
4
What is the units digit of 6726071435?
5
What is the tens digit of 835168489?
8
What is the tens digit of 5717454?
5
What is the ten thousands digit of 235921815?
2
What is the hundred thousands digit of 235684222?
6
What is the tens digit of 2063405461?
6
What is the hundred thousands digit of 251724774?
7
What is the hundred thousands digit of 20499707?
4
What is the billions digit of 4914743248?
4
What is the tens digit of 6273703780?
8
What is the tens digit of 436133568?
6
What is the tens digit of 42274586?
8
What is the hundred thousands digit of 2866549803?
5
What is the tens digit of 555856470?
7
What is the ten millions digit of 50983954?
5
What is the units digit of 49220672?
2
What is the millions digit of 31272092?
1
What is the hundred millions digit of 901215914?
9
What is the units digit of 303299501?
1
What is the ten millions digit of 138823025?
3
What is the hundreds digit of 83851168?
1
What is the tens digit of 4836068940?
4
What is the ten millions digit of 560510914?
6
What is the hundred millions digit of 1011588646?
0
What is the millions digit of 5760870594?
0
What is the ten millions digit of 234646579?
3
What is the ten millions digit of 61079021?
6
What is the hundred thousands digit of 52020046?
0
What is the tens digit of 137836140?
4
What is the ten thousands digit of 2798792?
9
What is the billions digit of 4546007343?
4
What is the hundred millions digit of 294749770?
2
What is the thousands digit of 26604